osite?
False
Is 478241 composite?
False
Is 116323 a prime number?
False
Is 1157159 a composite number?
False
Is 2115383 a composite number?
True
Is 1167955 a prime number?
False
Is 138981 composite?
True
Is 314917 composite?
False
Is 10217 a prime number?
False
Is 1941 prime?
False
Is 1320737 composite?
True
Is 8465 a composite number?
True
Is 249897 a composite number?
True
Is 6227 prime?
False
Is 163 prime?
True
Is 12406 composite?
True
Is 80293 a prime number?
False
Is 99643 a composite number?
False
Is 32347 prime?
False
Is 26583 a composite number?
True
Is 153841 a composite number?
False
Is 73583 prime?
True
Is 430499 prime?
True
Is 3831 prime?
False
Is 256159 composite?
True
Is 23719 a composite number?
False
Is 243655 a composite number?
True
Is 8751 a composite number?
True
Is 115249 a composite number?
False
Is 79907 a prime number?
True
Is 58385 a prime number?
False
Is 13009 a prime number?
True
Is 1061405 a prime number?
False
Is 11819 composite?
True
Is 26459 composite?
False
Is 63923 a prime number?
False
Is 4861 a prime number?
True
Is 16871 prime?
True
Is 345938 prime?
False
Is 3299 a prime number?
True
Is 1637 a prime number?
True
Is 1899541 a prime number?
False
Is 2053 a composite number?
False
Is 41341 prime?
True
Is 66269 prime?
False
Is 3163 prime?
True
Is 98989 prime?
False
Is 723893 prime?
True
Is 18115 a composite number?
True
Is 1310387 prime?
False
Is 390019 a composite number?
True
Is 302317 prime?
True
Is 10721 a composite number?
True
Is 8501 a prime number?
True
Is 119359 composite?
False
Is 28127 a prime number?
False
Is 7615 a prime number?
False
Is 57941 a composite number?
True
Is 826997 prime?
True
Is 128141 a prime number?
False
Is 163109 prime?
True
Is 140977 prime?
True
Is 14531 a composite number?
True
Is 4981 a composite number?
True
Is 104789 prime?
True
Is 19733 prime?
False
Is 3898 composite?
True
Is 118999 composite?
True
Is 256433 prime?
False
Is 341 a prime number?
False
Is 9277 a prime number?
True
Is 159785 prime?
False
Is 63113 a prime number?
True
Is 942847 composite?
False
Is 261127 a composite number?
False
Is 32345 prime?
False
Is 187861 composite?
False
Is 518387 a composite number?
False
Is 72817 a composite number?
False
Is 178361 a composite number?
False
Is 439303 a prime number?
True
Is 63683 composite?
True
Is 3629 a composite number?
True
Is 651971 composite?
False
Is 2503 composite?
False
Is 5305 composite?
True
Is 126377 composite?
True
Is 22597 composite?
True
Is 112031 a composite number?
False
Is 10537 a prime number?
False
Is 6109 composite?
True
Is 2639705 a prime number?
False
Is 13229 composite?
False
Is 10705 a prime number?
False
Is 10951 a composite number?
True
Is 6718 a composite number?
True
Is 20365 prime?
False
Is 22141 composite?
True
Is 2453 composite?
True
Is 190781 a composite number?
True
Is 29033 prime?
True
Is 106393 prime?
False
Is 30215 composite?
True
Is 7237 prime?
True
Is 5021 a prime number?
True
Is 706109 a composite number?
False
Is 5779 a prime number?
True
Is 7309 composite?
False
Is 111883 prime?
False
Is 506607 a prime number?
False
Is 19661 composite?
False
Is 196783 prime?
False
Is 99667 a composite number?
False
Is 17153 prime?
False
Is 91097 composite?
False
Is 36145 prime?
False
Is 460787 a prime number?
True
Is 46733 prime?
False
Is 127807 a composite number?
False
Is 836917 composite?
False
Is 31397 composite?
False
Is 43107 composite?
True
Is 208877 prime?
True
Is 105439 prime?
False
Is 10063 prime?
False
Is 1657 a composite number?
False
Is 2579 prime?
True
Is 116411 prime?
True
Is 13517 prime?
False
Is 770027 a composite number?
False
Is 31549 a composite number?
True
Is 6313191 a prime number?
False
Is 50017 prime?
False
Is 154274 composite?
True
Is 1736387 composite?
False
Is 109153 composite?
True
Is 21557 a composite number?
False
Is 17923 prime?
True
Is 511787 composite?
False
Is 1777 a prime number?
True
Is 2539 composite?
False
Is 108362 a prime number?
False
Is 38593 composite?
False
Is 7795 composite?
True
Is 5431 prime?
True
Is 6179 a composite number?
True
Is 40423 composite?
False
Is 2603 a prime number?
False
Is 177791 a prime number?
True
Is 130327 a prime number?
False
Is 26083 composite?
False
Is 886967 a prime number?
True
Is 92893 composite?
False
Is 787807 a composite number?
False
Is 849 a composite number?
True
Is 54269 a composite number?
False
Is 14969 a composite number?
False
Is 27161 composite?
True
Is 4327 a prime number?
True
Is 9059 composite?
False
Is 1961159 composite?
True
Is 11447 prime?
True
Is 1680659 a prime number?
True
Is 2179 prime?
True
Is 18457 a composite number?
False
Is 67594 composite?
True
Is 141397 prime?
True
Is 5557 a prime number?
True
Is 14631 composite?
True
Is 1566946 prime?
False
Is 3761 a prime number?
True
Is 1380419 a composite number?
False
Is 65167 composite?
False
Is 15937 a prime number?
True
Is 886 a prime number?
False
Is 121903 composite?
True
Is 168851 a prime number?
True
Is 4411 a prime number?
False
Is 30986 a prime number?
False
Is 37799 prime?
True
Is 9727 composite?
True
Is 20161 composite?
False
Is 13771 a composite number?
True
Is 1399 a prime number?
True
Is 23261 composite?
True
Is 323779 a composite number?
True
Is 7621 a composite number?
False
Is 93601 a prime number?
True
Is 3761 a prime number?
True
Is 68041 composite?
False
Is 36809 a prime number?
True
Is 15167 a prime number?
False
Is 16817 a composite number?
True
Is 1823 a composite number?
False
Is 24593 a prime number?
True
Is 4751 composite?
False
Is 496841 a composite number?
False
Is 74821 a composite number?
False
Is 197759 composite?
False
Is 1382 a composite number?
True
Is 240206 a prime number?
False
Is 43115 composite?
True
Is 16603 a composite number?
False
Is 159293 a composite number?
False
Is 1213 a prime number?
True
Is 9655 a composite number?
True
Is 298001 a composite number?
True
Is 237877 composite?
False
Is 158227 prime?
True
Is 1481 composite?
False
Is 16447 a prime number?
True
Is 3499 a composite number?
False
Is 9953 a composite number?
True
Is 1009 composite?
False
Is 23857 a prime number?
True
Is 251989 a composite number?
True
Is 5807 a prime number?
True
Is 3086 composite?
True
Is 11497 a composite number?
False
Is 32353 composite?
False
Is 278747 a prime number?
False
Is 147635 prime?
False
Is 117309 prime?
False
Is 284419 a prime number?
False
Is 11581 composite?
True
Is 2178071 a composite number?
True
Is 127 prime?
True
Is 291083 a prime number?
False
Is 519119 prime?
True
Is 88139 a composite number?
True
Is 6031 composite?
True
Is 3011 a composite number?
False
Is 24049 a composite number?
False
Is 385765 composite?
True
Is 110189 prime?
False
Is 5357 composite?
True
Is 89753 prime?
True
Is 653603 a composite number?
True
Is 26471 prime?
False
Is 56141 prime?
False
Is 112507 prime?
True
Is 7402 composite?
True
Is 13171 a prime number?
True
Is 319 a prime number?
False
Is 3949 composite?
True
Is 6866 composite?
True
Is 514567 a prime number?
False
Is 19027 composite?
True
Is 57457 composite?
False
Is 3181 prime?
True
Is 10133 prime?
True
Is 184873 a prime number?
False
Is 38217 a composite number?
True
Is 6997 composite?
False
Is 391 prime?
False
Is 27791 a composite number?
False
Is 246769 composite?
False
Is 5347 prime?
True
Is 1357 prime?
False
Is 1931 composite?
False
Is 33295 prime?
False
Is 8779 prime?
True
Is 6761 a prime number?
True
Is 638059 a prime number?
True
Is 102239 a composite number?
True
Is 611791 a composite number?
False
Is 239143 a prime number?
False
Is 83497 composite?
False
Is 967999 prime?
True
Is 1366345 composite?
True
Is 15439 a composite number?
False
Is 2269 prime?
True
Is 240365 a prime number?
False
Is 1409 composite?
False
Is 93683 a prime number?
True
Is 77379 composite?
True
Is 5868761 composite?
False
Is 963878 a composite number?
True
Is 7478 a composite number?
True
Is 116131 prime?
True
Is 14401 a composite number?
False
Is 9311 prime?
True
Is 782927 a composite number?
True
Is 313634 prime?
False
Is 407 prime?
False
Is 2743355 a composite number?
True
Is 22963 a composite number?
False
Is 342086 prime?
False
Is 134267 composite?
True
Is 54181 a composite number?
False
Is 13309 prime?
True
Is 96865 prime?
False
Is 274207 a c